 46726391?
1
What is the ten thousands digit of 24268503?
6
What is the hundreds digit of 466516829?
8
What is the hundreds digit of 44255605?
6
What is the millions digit of 53927902?
3
What is the hundred thousands digit of 62217526?
2
What is the hundred thousands digit of 608183191?
1
What is the billions digit of 1073064629?
1
What is the hundreds digit of 156014052?
0
What is the hundred millions digit of 140432829?
1
What is the hundreds digit of 104176796?
7
What is the millions digit of 1396980562?
6
What is the millions digit of 322064551?
2
What is the hundreds digit of 17797428?
4
What is the hundred thousands digit of 6271111199?
1
What is the units digit of 110909543?
3
What is the hundred thousands digit of 255956209?
9
What is the hundred thousands digit of 35826611?
8
What is the hundred thousands digit of 65764141?
7
What is the ten millions digit of 427288251?
2
What is the millions digit of 38837619?
8
What is the millions digit of 129551981?
9
What is the millions digit of 1175709525?
5
What is the tens digit of 94489082?
8
What is the units digit of 20844153?
3
What is the tens digit of 198215068?
6
What is the hundred thousands digit of 3619328624?
3
What is the units digit of 18248899?
9
What is the hundred thousands digit of 1350333?
3
What is the millions digit of 285570609?
5
What is the thousands digit of 17344910?
4
What is the hundred thousands digit of 2382068086?
0
What is the ten thousands digit of 443409068?
0
What is the ten thousands digit of 32557577?
5
What is the hundred millions digit of 207294357?
2
What is the units digit of 58113780?
0
What is the hundreds digit of 350897338?
3
What is the billions digit of 1877147432?
1
What is the hundred millions digit of 136114827?
1
What is the units digit of 301184824?
4
What is the hundreds digit of 952517428?
4
What is the hundred millions digit of 4742511781?
7
What is the hundred millions digit of 152955198?
1
What is the units digit of 2015096947?
7
What is the hundred millions digit of 3074469083?
0
What is the ten millions digit of 2272747049?
7
What is the ten millions digit of 177826646?
7
What is the hundred thousands digit of 93025183?
0
What is the hundred thousands digit of 2149186139?
1
What is the units digit of 28932125?
5
What is the tens digit of 52311495?
9
What is the thousands digit of 555274832?
4
What is the millions digit of 773652422?
3
What is the tens digit of 54788799?
9
What is the ten thousands digit of 324455784?
5
What is the thousands digit of 3534172018?
2
What is the hundreds digit of 353936663?
6
What is the units digit of 28587270?
0
What is the thousands digit of 317385669?
5
What is the hundred millions digit of 1246271648?
2
What is the ten millions digit of 67723800?
6
What is the millions digit of 60773584?
0
What is the hundreds digit of 8210655448?
4
What is the millions digit of 1548857843?
8
What is the hundreds digit of 4968999105?
1
What is the hundreds digit of 372277838?
8
What is the hundreds digit of 417886?
8
What is the billions digit of 4686142557?
4
What is the ten thousands digit of 1370346724?
4
What is the units digit of 10670053?
3
What is the millions digit of 4231634505?
1
What is the units digit of 5101484?
4
What is the ten thousands digit of 8196020?
9
What is the ten thousands digit of 515322526?
2
What is the ten thousands digit of 399397867?
9
What is the thousands digit of 1364840152?
0
What is the millions digit of 235613759?
5
What is the billions digit of 1019740594?
1
What is the ten thousands digit of 102113228?
1
What is the hundreds digit of 64484094?
0
What is the ten thousands digit of 634147318?
4
What is the units digit of 51649406?
6
What is the units digit of 2249526637?
7
What is the hundreds digit of 123922824?
8
What is the units digit of 60083262?
2
What is the tens digit of 26054110?
1
What is the hundred thousands digit of 76472190?
4
What is the hundreds digit of 380748737?
7
What is the hundreds digit of 145633380?
3
What is the ten millions digit of 1075664281?
7
What is the tens digit of 25845568?
6
What is the ten millions digit of 4153002832?
5
What is the units digit of 181707119?
9
What is the tens digit of 5247401817?
1
What is the billions digit of 3716201234?
3
What is the units digit of 1257804562?
2
What is the ten thousands digit of 4092046?
9
What is the tens digit of 883518211?
1
What is the billions digit of 3486312932?
3
What is the units digit of 248141345?
5
What is the hundreds digit of 33413598?
5
What is the hundred thousands digit of 1238458212?
4
What is the hundred millions digit of 701059924?
7
What is the ten thousands digit of 350024157?
2
What is the ten thousands digit of 55436525?
3
What is the hundreds digit of 36207217?
2
What is the tens digit of 91044102?
0
What is the hundred thousands digit of 67397349?
3
What is the units digit of 77177251?
1
What is the ten millions digit of 1324658923?
2
What is the billions digit of 1356548946?
1
What is the tens digit of 4463152?
5
What is the hundreds digit of 149354503?
5
What is the ten thousands digit of 66537626?
3
What is the millions digit of 106324302?
6
What is the ten thousands digit of 5987745686?
4
What is the hundred millions digit of 4655927450?
6
What is the thousands digit of 73375668?
5
What is the millions digit of 8988114254?
8
What is the thousands digit of 64885985?
5
What is the tens digit of 1177975033?
3
What is the thousands digit of 37703454?
3
What is the thousands digit of 86773984?
3
What is the ten thousands digit of 36620447?
2
What is the hundred millions digit of 1944722594?
9
What is the ten millions digit of 166099415?
6
What is the ten thousands digit of 68128330?
2
What is the millions digit of 926459962?
6
What is the hundreds digit of 177289973?
9
What is the ten thousands digit of 2917426180?
2
What is the tens digit of 2190056886?
8
What is the millions digit of 45005545?
5
What is the ten millions digit of 1312029331?
1
What is the millions digit of 37841885?
7
What is the hundred thousands digit of 123387427?
3
What is the hundred thousands digit of 1270610407?
6
What is the ten thousands digit of 41418808?
1
What is the millions digit of 3430283?
3
What is the ten millions digit of 27863888?
2
What is the ten millions digit of 170664570?
7
What is the units digit of 652181649?
9
What is the millions digit of 19684046?
9
What is the ten millions digit of 33878883?
3
What is the thousands digit of 4419704042?
4
What is the thousands digit of 133035428?
5
What is the thousands digit of 50422269?
2
What is the millions digit of 62996231?
2
What is the millions digit of 1076203010?
6
What is the hundred thousands digit of 9768806?
7
What is the hundreds digit of 56443730?
7
What is the tens digit of 670171037?
3
What is the hundred thousands digit of 39655562?
6
What is the ten millions digit of 664081886?
6
What is the tens digit of 1448069?
6
What is the ten thousands digit of 1219952?
1
What is the ten thousands digit of 53623718?
2
What is the tens digit of 124038396?
9
What is the tens digit of 41194243?
4
What is the hundreds digit of 951584410?
4
What is the ten thousands digit of 81758503?
5
What is the ten thousands digit of 42743076?
4
What is the hundreds digit of 38406831?
8
What is the millions digit of 325566753?
5
What is the ten millions digit of 63314621?
6
What is the ten thousands digit of 202633330?
3
What is the millions digit of 442087075?
2
What is the units digit of 74572492?
2
What is the units digit of 21504049?
9
What is the ten millions digit of 20851597?
2
What is the ten millions digit of 43524670?
4
What is the ten thousands digit of 8449005?
4
What is the ten thousands digit of 872792540?
9
What is the units digit of 45740517?
7
What is the hundreds digit of 91974500?
5
What is the hundred thousands digit of 202722817?
7
What is the hundreds digit of 60213297?
2
What is the hundred thousands digit of 2661128?
6
What is the hundred millions digit of 225449398?
2
What is the ten millions digit of 35886649?
3
What is the ten millions digit of 8919477749?
1
What is the ten thousands digit of 836012902?
1
What is the thousands digit of 643309706?
9
What is the millions digit of 44980758?
4
What is the ten millions digit of 6296113